[INFO] fetching crate core-futures-tls 0.1.1...
[INFO] checking core-futures-tls-0.1.1 against try#72f88fc4e9458f89516a0b8b0868f3718aec5b47 for pr-74989
[INFO] extracting crate core-futures-tls 0.1.1 into /workspace/builds/worker-6/source
[INFO] validating manifest of crates.io crate core-futures-tls 0.1.1 on toolchain 72f88fc4e9458f89516a0b8b0868f3718aec5b47
[INFO] running `Command { std: "/workspace/cargo-home/bin/cargo" "+72f88fc4e9458f89516a0b8b0868f3718aec5b47" "read-manifest" "--manifest-path" "Cargo.toml", kill_on_drop: false }`
[INFO] started tweaking crates.io crate core-futures-tls 0.1.1
[INFO] finished tweaking crates.io crate core-futures-tls 0.1.1
[INFO] tweaked toml for crates.io crate core-futures-tls 0.1.1 written to /workspace/builds/worker-6/source/Cargo.toml
[INFO] running `Command { std: "/workspace/cargo-home/bin/cargo" "+72f88fc4e9458f89516a0b8b0868f3718aec5b47" "generate-lockfile" "--manifest-path" "Cargo.toml" "-Zno-index-update", kill_on_drop: false }`
[INFO] running `Command { std: "/workspace/cargo-home/bin/cargo" "+72f88fc4e9458f89516a0b8b0868f3718aec5b47" "fetch" "--locked" "--manifest-path" "Cargo.toml", kill_on_drop: false }`
[INFO] running `Command { std: "docker" "create" "-v" "/var/lib/crater-agent-workspace/builds/worker-6/target:/opt/rustwide/target:rw,Z" "-v" "/var/lib/crater-agent-workspace/builds/worker-6/source:/opt/rustwide/workdir:ro,Z" "-v" "/var/lib/crater-agent-workspace/cargo-home:/opt/rustwide/cargo-home:ro,Z" "-v" "/var/lib/crater-agent-workspace/rustup-home:/opt/rustwide/rustup-home:ro,Z" "-e" "SOURCE_DIR=/opt/rustwide/workdir" "-e" "CARGO_TARGET_DIR=/opt/rustwide/target" "-e" "CARGO_HOME=/opt/rustwide/cargo-home" "-e" "RUSTUP_HOME=/opt/rustwide/rustup-home" "-w" "/opt/rustwide/workdir" "-m" "1610612736" "--user" "0:0" "--network" "none" "rustops/crates-build-env@sha256:d92eaeed33fa75130ca1ee6c8a01d1ffb62bac859dfdfb3450e3e5d1c0146529" "/opt/rustwide/cargo-home/bin/cargo" "+72f88fc4e9458f89516a0b8b0868f3718aec5b47" "metadata" "--no-deps" "--format-version=1", kill_on_drop: false }`
[INFO] [stderr] WARNING: Your kernel does not support swap limit capabilities or the cgroup is not mounted. Memory limited without swap.
[INFO] [stdout] 54adc32117750d9703c814fa64acf0acced8a0239847fedf8e224b6f9fd9494c
[INFO] running `Command { std: "docker" "start" "-a" "54adc32117750d9703c814fa64acf0acced8a0239847fedf8e224b6f9fd9494c", kill_on_drop: false }`
[INFO] running `Command { std: "docker" "inspect" "54adc32117750d9703c814fa64acf0acced8a0239847fedf8e224b6f9fd9494c", kill_on_drop: false }`
[INFO] running `Command { std: "docker" "rm" "-f" "54adc32117750d9703c814fa64acf0acced8a0239847fedf8e224b6f9fd9494c", kill_on_drop: false }`
[INFO] [stdout] 54adc32117750d9703c814fa64acf0acced8a0239847fedf8e224b6f9fd9494c
[INFO] running `Command { std: "docker" "create" "-v" "/var/lib/crater-agent-workspace/builds/worker-6/target:/opt/rustwide/target:rw,Z" "-v" "/var/lib/crater-agent-workspace/builds/worker-6/source:/opt/rustwide/workdir:ro,Z" "-v" "/var/lib/crater-agent-workspace/cargo-home:/opt/rustwide/cargo-home:ro,Z" "-v" "/var/lib/crater-agent-workspace/rustup-home:/opt/rustwide/rustup-home:ro,Z" "-e" "SOURCE_DIR=/opt/rustwide/workdir" "-e" "CARGO_TARGET_DIR=/opt/rustwide/target" "-e" "CARGO_INCREMENTAL=0" "-e" "RUST_BACKTRACE=full" "-e" "RUSTFLAGS=--cap-lints=forbid" "-e" "CARGO_HOME=/opt/rustwide/cargo-home" "-e" "RUSTUP_HOME=/opt/rustwide/rustup-home" "-w" "/opt/rustwide/workdir" "-m" "1610612736" "--user" "0:0" "--network" "none" "rustops/crates-build-env@sha256:d92eaeed33fa75130ca1ee6c8a01d1ffb62bac859dfdfb3450e3e5d1c0146529" "/opt/rustwide/cargo-home/bin/cargo" "+72f88fc4e9458f89516a0b8b0868f3718aec5b47" "check" "--frozen" "--all" "--all-targets" "--message-format=json", kill_on_drop: false }`
[INFO] [stdout] 2c860716aff9c72c246e846d7528b68a153ae78090870c7f03fd7c0e772ae4f0
[INFO] [stderr] WARNING: Your kernel does not support swap limit capabilities or the cgroup is not mounted. Memory limited without swap.
[INFO] running `Command { std: "docker" "start" "-a" "2c860716aff9c72c246e846d7528b68a153ae78090870c7f03fd7c0e772ae4f0", kill_on_drop: false }`
[INFO] [stderr]     Checking core-futures-tls v0.1.1 (/opt/rustwide/workdir)
[INFO] [stdout] error[E0658]: negative trait bounds are not yet fully implemented; use marker types for now
[INFO] [stdout]   --> src/future.rs:30:32
[INFO] [stdout]    |
[INFO] [stdout] 30 | impl<T: Generator<Yield = ()>> !Unpin for GenFuture<T> {}
[INFO] [stdout]    |                                ^^^^^^
[INFO] [stdout]    |
[INFO] [stdout]    = note: see issue #68318 <https://github.com/rust-lang/rust/issues/68318> for more information
[INFO] [stdout]    = help: add `#![feature(negative_impls)]` to the crate attributes to enable
[INFO] [stdout] 
[INFO] [stdout] 
[INFO] [stdout] error[E0658]: negative trait bounds are not yet fully implemented; use marker types for now
[INFO] [stdout]   --> src/future.rs:30:32
[INFO] [stdout]    |
[INFO] [stdout] 30 | impl<T: Generator<Yield = ()>> !Unpin for GenFuture<T> {}
[INFO] [stdout]    |                                ^^^^^^
[INFO] [stdout]    |
[INFO] [stdout]    = note: see issue #68318 <https://github.com/rust-lang/rust/issues/68318> for more information
[INFO] [stdout]    = help: add `#![feature(negative_impls)]` to the crate attributes to enable
[INFO] [stdout] 
[INFO] [stdout] 
[INFO] [stderr] error: could not compile `core-futures-tls`.
[INFO] [stdout] error[E0061]: this function takes 1 argument but 0 arguments were supplied
[INFO] [stdout]   --> src/future.rs:38:43
[INFO] [stdout]    |
[INFO] [stdout] 38 |         set_task_context(cx, || match gen.resume() {
[INFO] [stdout]    |                                           ^^^^^^- supplied 0 arguments
[INFO] [stdout]    |
[INFO] [stdout] help: expected the unit value `()`; create it with empty parentheses
[INFO] [stdout]    |
[INFO] [stdout] 38 |         set_task_context(cx, || match gen.resume(()) {
[INFO] [stdout]    |                                                  ^^
[INFO] [stdout] 
[INFO] [stdout] 
[INFO] [stderr] 
[INFO] [stdout] error: aborting due to 2 previous errors
[INFO] [stdout] 
[INFO] [stdout] 
[INFO] [stderr] To learn more, run the command again with --verbose.
[INFO] [stdout] Some errors have detailed explanations: E0061, E0658.
[INFO] [stdout] 
[INFO] [stderr] warning: build failed, waiting for other jobs to finish...
[INFO] [stdout] For more information about an error, try `rustc --explain E0061`.
[INFO] [stdout] 
[INFO] [stdout] error[E0061]: this function takes 1 argument but 0 arguments were supplied
[INFO] [stdout]   --> src/future.rs:38:43
[INFO] [stdout]    |
[INFO] [stdout] 38 |         set_task_context(cx, || match gen.resume() {
[INFO] [stdout]    |                                           ^^^^^^- supplied 0 arguments
[INFO] [stdout]    |
[INFO] [stdout] help: expected the unit value `()`; create it with empty parentheses
[INFO] [stdout]    |
[INFO] [stdout] 38 |         set_task_context(cx, || match gen.resume(()) {
[INFO] [stdout]    |                                                  ^^
[INFO] [stdout] 
[INFO] [stdout] 
[INFO] [stdout] error: aborting due to 2 previous errors
[INFO] [stdout] 
[INFO] [stdout] 
[INFO] [stdout] Some errors have detailed explanations: E0061, E0658.
[INFO] [stdout] 
[INFO] [stdout] For more information about an error, try `rustc --explain E0061`.
[INFO] [stdout] 
[INFO] [stderr] error: build failed
[INFO] running `Command { std: "docker" "inspect" "2c860716aff9c72c246e846d7528b68a153ae78090870c7f03fd7c0e772ae4f0", kill_on_drop: false }`
[INFO] running `Command { std: "docker" "rm" "-f" "2c860716aff9c72c246e846d7528b68a153ae78090870c7f03fd7c0e772ae4f0", kill_on_drop: false }`
[INFO] [stdout] 2c860716aff9c72c246e846d7528b68a153ae78090870c7f03fd7c0e772ae4f0
